5. What are the prime factors of m?
2
Suppose -4*s + 25346 = 3*j, -3*s + 24856 = 4*j + 5857. List the prime factors of s.
17, 373
Let s = -21165 + 46635. List the prime factors of s.
2, 3, 5, 283
Let i(c) = -53*c - 1189. What are the prime factors of i(-48)?
5, 271
Let s(p) = 3*p - 27*p**3 + 60*p**3 - 26*p**3 - 3. List the prime factors of s(2).
59
Suppose -520*x + 522*x - 3*l = 94746, 0 = -4*x - 3*l + 189438. List the prime factors of x.
2, 3, 3947
Let w be -5 - 215/(-5) - (4 - -1). List the prime factors of (-2)/w + (-1026664)/(-561).
2, 3, 5, 61
Suppose -9899*r + 9779*r + 6453120 = 0. What are the prime factors of r?
2, 3361
Suppose -5*d + 8 = -z - 6, 0 = -5*d - z + 16. Suppose -42 = -d*k + 33. Suppose 0 = -5*v - k, -2*a = -0*a - v - 177. List the prime factors of a.
2, 43
Let n = -141061 + 197750. What are the prime factors of n?
83, 683
Let s = 959 + -955. Suppose 2551 - 9767 = -s*p. List the prime factors of p.
2, 11, 41
Let f = -1636 - -1038. Let u = f + 945. What are the prime factors of u?
347
Suppose 148*k - 1324094 = 2774534 + 2842572. What are the prime factors of k?
2, 5, 7, 67
Suppose 0 = -4*q - 2*l + 59606, -14898 = -q - 137*l + 133*l. List the prime factors of q.
2, 7451
Let q(r) = -r + 6. Let f(b) be the first derivative of b**2/2 - 5*b + 18. Let t(w) = -3*f(w) - 2*q(w). List the prime factors of t(-6).
3
Let q(w) = -5513*w**3 + 3*w**2 - 5*w + 2. Let n be q(2). List the prime factors of n/(-108)*3*1.
5, 7
Let m(z) = 5584*z**2 + 59*z - 60. What are the prime factors of m(1)?
3, 1861
Suppose 4*q + 3417 = 12976 + 8473. List the prime factors of q.
2, 7, 23
Let h = 121 - 22. Let k = 188 - h. What are the prime factors of -3 + 3 + k + -4?
5, 17
Suppose 0 = -4*s + 2*n + 474, n + 591 = 5*s - 0*n. Suppose s + 194 = 6*h. Let p = -31 + h. List the prime factors of p.
3, 7
Suppose 5*q - 150 = 375 + 35. Let i(n) = -2*n**3 - 4*n**2 - n + 4. Let u be i(-4). Suppose -f + q = -u. What are the prime factors of f?
2, 23
Suppose 0 = j - 0*z - 5*z, -2*j - 4*z = 0. Suppose -2*t - 1073 + 2959 = j. List the prime factors of t.
23, 41
List the prime factors of 3/(-18)*18*(-27718)/3.
2, 13859
Let t(v) = 9 - 31 - 5*v**3 - 22*v + 7*v**3 - 10*v**2 - v**3. Let k be t(12). Suppose m + m - 2*y - 358 = 0, 0 = -k*y - 6. What are the prime factors of m?
2, 11
Let g(r) = -r**3 + 25*r**2 + 38*r + 11. Let j(y) = y**3 - 7*y**2 + 9*y - 37. Let p be j(7). List the prime factors of g(p).
17, 19
Suppose -12*o = -4*o - 328. Let q be (-88)/4*(-3)/(-3). Let d = q + o. What are the prime factors of d?
19
Let z be 18*(1/(-5))/(8/(-2020)). Let w = 1431 - z. List the prime factors of w.
2, 3, 29
Suppose -i + 295178 = 6*c - 131943, -4*c - 5*i + 284717 = 0. What are the prime factors of c?
2, 13, 37
Let o = 351 - 350. What are the prime factors of (160/(-128))/(o/(-60))?
3, 5
Let r(z) = -2*z**2 - 27*z - 23. Let f be r(-10). Suppose 0 = 3*t + f - 269. Suppose 4*n = -3*o + 424, -2*n = 4*o + t - 296. What are the prime factors of n?
103
Suppose 2*m - 109234 = 4*b, 48470 + 170106 = 4*m + 4*b. What are the prime factors of m?
5, 7, 223
Let f(b) = -23*b - 157. Let x be f(-7). Suppose -x*m = -6*u + u + 243, 3*u = 2*m + 145. What are the prime factors of u?
47
Suppose 0 = -2*o + 35 - 15. Let k be 1/(-1) - -3 - 0. Suppose 0 = 2*d - 5*w + 6, o*w - 5*w = -k*d + 14. List the prime factors of d.
2
Let j(n) = -n**3 + n**2 - 18. Let z(t) = -3*t**3 + 5*t**2 - 6*t - 42. Let q(g) = 2*j(g) - z(g). Suppose 3*x - 5 = 10. What are the prime factors of q(x)?
2, 43
Suppose 18*r = -0*r + 2*r. Suppose r = -10*y + 4769 + 3171. List the prime factors of y.
2, 397
Let y be (-1 - (-1716)/(-48))/((-1)/4). Suppose -145*g = -y*g + 1502. List the prime factors of g.
751
Suppose -126 = -y + 43. Suppose -6*m + 184 = 2*w - 2*m, -2*w + m + y = 0. Suppose -2*i + w = h, -6*i = 3*h - 2*i - 266. What are the prime factors of h?
2, 47
List the prime factors of 13 - 19444/(-8) - (-6)/4.
3, 5, 163
What are the prime factors of 7 + (244236/8)/(171/228)?
3, 41, 331
Let z be 11/(11/5)*2. Suppose -7198 = -z*g + 1922. List the prime factors of g.
2, 3, 19
Suppose 0 = -2*r + 6*r - 196. Let b = r + 101. Let d = b + -86. List the prime factors of d.
2
Suppose -65391 + 265521 = 21*l. What are the prime factors of l?
2, 5, 953
Suppose -3*a - 13 = -2*g, 3*a + 5 = g - 3. Suppose -g*c + 688 + 292 = 0. What are the prime factors of c?
2, 7
Let v = -10 + 13. Suppose 5*u + 4 = -0*z + 2*z, -v*z + 6 = -u. Suppose z*b = 11 + 7. What are the prime factors of b?
3
Let m be (80 + -1794)/((-4)/6). Let p = -1675 + m. What are the prime factors of p?
2, 7
Suppose 0 = 5*h - f - 10, h + f = -h + 11. Suppose -3*o - 849 = -h*a, a - 174 = -4*o + 89. List the prime factors of a.
3, 31
Let v = 7796 - -4260. What are the prime factors of v?
2, 11, 137
Suppose 2*h - 10 = -0. Suppose 0 = 5*s - 3*d - 32, -4*s + 4*d = h*d - 12. Suppose -16 = -s*o + g, 0 = -4*o - 0*o - 3*g. List the prime factors of o.
3
Let h(i) = -i**3 + 6*i**2 + 4*i + 6. Let k be h(5). Suppose -2*u + 4 = -0. Suppose t = k + u. What are the prime factors of t?
53
Suppose -7*u + 77 = -5915. List the prime factors of (5/5)/1*(u - -1).
857
Let w = 39 + -37. What are the prime factors of w/(-1) - 348/((-18)/9)?
2, 43
Suppose 16 + 26 = 14*d. What are the prime factors of d + 0 + 1 - (-303 + -13)?
2, 5
Let g(x) = x - 11. Let w be g(17). Let f be (-18)/(-5) + w/15. Suppose f*h = 2*h + 84. List the prime factors of h.
2, 3, 7
Suppose 6*n + 4781 = n + 3*v, -n - 963 = -4*v. Let b = -471 - n. List the prime factors of b.
2, 11
List the prime factors of (-18)/(-8) - 2 - 67516295/(-4340).
47, 331
Let r(b) = -b**3 + 2*b**2 + 9*b - 1. Let z be r(4). Suppose -z*k - 3*i + 4074 = -0*i, 3*k - 4077 = -4*i. List the prime factors of k.
5, 271
Suppose 5 = -5*l, 7*d - 2*d - 3*l = 23. Let r be d + -50*58/(-4). Suppose -2*u + 5*s + r = u, u - 250 = 4*s. What are the prime factors of u?
2, 7, 17
Let w = 54 + -47. Let l(y) = y**3 - 6*y**2 - 3*y - 20. Let p be l(w). Suppose p*f = 6*f + 302. List the prime factors of f.
151
Let y(b) be the first derivative of b**4/3 + 4*b - 12. Let u(m) be the first derivative of y(m). What are the prime factors of u(-4)?
2
Let s(q) = q. Let o(n) = 5*n - 10. Let t(a) = o(a) + 20*s(a). List the prime factors of t(5).
5, 23
Let n be 4/(-5)*3*(6 - 11). Let r(m) = m**3 - 12*m**2 + 7*m - 22. Let o be r(n). Suppose 41 = j - o. List the prime factors of j.
103
Let v = -161 + 164. Suppose -v*d + 312 = -3. What are the prime factors of d?
3, 5, 7
Let k(z) = 27*z + 43. Let q be k(8). Let d = 66 + q. What are the prime factors of d?
5, 13
Suppose 5*g - a - 32057 = 0, 0 = 5*g - 4*a - 18262 - 13801. What are the prime factors of g?
3, 2137
Suppose 173*u - 16*u = 10153504. What are the prime factors of u?
2, 43, 47
Let s = -106 - -91. List the prime factors of s/((-90)/12) + 1124/2.
2, 3, 47
Suppose -21*i - 174794 = -25*i - t, -3*i - 2*t + 131098 = 0. What are the prime factors of i?
2, 3, 7283
Let k(l) be the second derivative of -l**2 - 1/3*l**3 + 0 - 1/6*l**4 + 1/4*l**5 + 47*l. List the prime factors of k(3).
109
Suppose -4*v + 16478 = j, -3*j - 3 = 3. List the prime factors of v.
2, 5, 103
Let d(t) = 2*t**2 + 149*t + 144. List the prime factors of d(45).
3, 7, 173
Let o(c) = c**3 - 16*c**2 + 28*c + 14. Let i be o(14). Suppose -i = -4*z - 410. Let v = z - -218. List the prime factors of v.
7, 17
Suppose 68 = 3*v - 46. Let b be 1656/14 - v/133. Let k = b + -38. List the prime factors of k.
2, 5
Let p(g) = 2*g**2 + 6*g + 2. Let c be p(-4). Suppose 0 = y - z - 686, 2*y - c*z - 1372 = -15*z. What are the prime factors of y?
2, 7
Suppose -3*j = -p - 0*p - 15100, -2*j + 10067 = -p. List the prime factors of j.
7, 719
Let n(t) be the second derivative of -t**3/2 + 19*t**2 + 3*t. Let h = 189 - 202. What are the prime factors of n(h)?
7, 11
Let y(i) = -3715*i + 9. List the prime factors of y(-2).
43, 173
Let h be 4 + -4 - ((-14)/8 + (-2)/8). Let v(p) = -243*p - 1. Let s be v(-1). Suppose -h*z - 3*w + s = 0, 2*w = -3*z + w + 377. What are the prime factors of z?
127
Suppose -9*f = 2*f - 242. Let x = f - 20. What are the prime factors of (x/4)/(3/114)?
19
Let v(p) = 12*p**2 + 5*p + 7. Let o(x) = x**2 + 12*x - 14. Let f be o(-11). Let s be -1 - 1 - (26 + f). List the prime factors of v(s).
2, 5
Let q =